tors of 56760.
2, 3, 5, 11, 43
What are the prime factors of 33632?
2, 1051
What are the prime factors of 7557?
3, 11, 229
List the prime factors of 9687.
3, 3229
List the prime factors of 133.
7, 19
List the prime factors of 146679.
3, 13, 3761
What are the prime factors of 593?
593
What are the prime factors of 993?
3, 331
List the prime factors of 7777.
7, 11, 101
What are the prime factors of 41316?
2, 3, 11, 313
What are the prime factors of 9914?
2, 4957
What are the prime factors of 51429?
3, 7, 31, 79
What are the prime factors of 4199?
13, 17, 19
What are the prime factors of 124?
2, 31
What are the prime factors of 139049?
211, 659
List the prime factors of 2599.
23, 113
What are the prime factors of 2110?
2, 5, 211
What are the prime factors of 1741?
1741
What are the prime factors of 37230?
2, 3, 5, 17, 73
What are the prime factors of 80?
2, 5
List the prime factors of 20212.
2, 31, 163
List the prime factors of 1474.
2, 11, 67
What are the prime factors of 5294?
2, 2647
List the prime factors of 85620.
2, 3, 5, 1427
List the prime factors of 11407.
11, 17, 61
What are the prime factors of 1384?
2, 173
List the prime factors of 2234.
2, 1117
What are the prime factors of 79012?
2, 19753
What are the prime factors of 721?
7, 103
What are the prime factors of 12351?
3, 23, 179
What are the prime factors of 288?
2, 3
What are the prime factors of 332?
2, 83
List the prime factors of 116668.
2, 29167
List the prime factors of 97110.
2, 3, 5, 13, 83
List the prime factors of 1213.
1213
List the prime factors of 97995.
3, 5, 47, 139
List the prime factors of 3557.
3557
What are the prime factors of 1082?
2, 541
List the prime factors of 969.
3, 17, 19
What are the prime factors of 14784?
2, 3, 7, 11
What are the prime factors of 1228?
2, 307
List the prime factors of 4445.
5, 7, 127
What are the prime factors of 8885?
5, 1777
What are the prime factors of 31968?
2, 3, 37
What are the prime factors of 33435?
3, 5, 743
What are the prime factors of 1933?
1933
List the prime factors of 447.
3, 149
List the prime factors of 145034.
2, 127, 571
List the prime factors of 1191.
3, 397
List the prime factors of 10991.
29, 379
List the prime factors of 173952.
2, 3, 151
What are the prime factors of 26173?
7, 3739
List the prime factors of 16884.
2, 3, 7, 67
What are the prime factors of 79305?
3, 5, 17, 311
List the prime factors of 13023.
3, 1447
What are the prime factors of 104776?
2, 7, 1871
What are the prime factors of 57551?
13, 19, 233
List the prime factors of 12039.
3, 4013
List the prime factors of 2859.
3, 953
List the prime factors of 259.
7, 37
List the prime factors of 365.
5, 73
List the prime factors of 7965.
3, 5, 59
What are the prime factors of 1013?
1013
List the prime factors of 1143.
3, 127
List the prime factors of 765.
3, 5, 17
What are the prime factors of 37479?
3, 13, 31
What are the prime factors of 1467?
3, 163
What are the prime factors of 15234?
2, 3, 2539
What are the prime factors of 7941?
3, 2647
What are the prime factors of 2867?
47, 61
List the prime factors of 10965.
3, 5, 17, 43
List the prime factors of 1217.
1217
List the prime factors of 7659.
3, 23, 37
List the prime factors of 14286.
2, 3, 2381
List the prime factors of 5286.
2, 3, 881
What are the prime factors of 14696?
2, 11, 167
List the prime factors of 550.
2, 5, 11
What are the prime factors of 784?
2, 7
What are the prime factors of 31116?
2, 3, 2593
What are the prime factors of 16707?
3, 5569
What are the prime factors of 2443?
7, 349
What are the prime factors of 32562?
2, 3, 67
What are the prime factors of 218?
2, 109
What are the prime factors of 48604?
2, 29, 419
List the prime factors of 18516.
2, 3, 1543
What are the prime factors of 35471?
79, 449
What are the prime factors of 35670?
2, 3, 5, 29, 41
List the prime factors of 36429.
3, 12143
List the prime factors of 72714.
2, 3, 12119
What are the prime factors of 5678?
2, 17, 167
What are the prime factors of 54903?
3, 18301
List the prime factors of 33919.
107, 317
What are the prime factors of 49?
7
List the prime factors of 1477.
7, 211
What are the prime factors of 1736?
2, 7, 31
List the prime factors of 1876.
2, 7, 67
What are the prime factors of 893?
19, 47
List the prime factors of 9478.
2, 7, 677
List the prime factors of 496.
2, 31
What are the prime factors of 853?
853
What are the prime factors of 8311?
8311
List the prime factors of 59176.
2, 13, 569
List the prime factors of 171517.
171517
List the prime factors of 33376.
2, 7, 149
List the prime factors of 6029.
6029
List the prime factors of 4179.
3, 7, 199
What are the prime factors of 3816?
2, 3, 53
What are the prime factors of 1757?
7, 251
List the prime factors of 4340.
2, 5, 7, 31
List the prime factors of 830.
2, 5, 83
List the prime factors of 1728.
2, 3
List the prime factors of 8394.
2, 3, 1399
List the prime factors of 25583.
25583
List the prime factors of 490.
2, 5, 7
What are the prime factors of 2669?
17, 157
List the prime factors of 84931.
7, 11, 1103
List the prime factors of 60672.
2, 3, 79
What are the prime factors of 10118?
2, 5059
What are the prime factors of 57568?
2, 7, 257
What are the prime factors of 91115?
5, 18223
What are the prime factors of 11486?
2, 5743
List the prime factors of 25218.
2, 3, 467
List the prime factors of 24159.
3, 8053
What are the prime factors of 4507?
4507
List the prime factors of 3971.
11, 19
What are the prime factors of 2552?
2, 11, 29
What are the prime factors of 35957?
41, 877
What are the prime factors of 2855?
5, 571
List the prime factors of 1317.
3, 439
What are the prime factors of 6931?
29, 239
What are the prime factors of 140?
2, 5, 7
List the prime factors of 1340.
2, 5, 67
List the prime factors of 32133.
3, 10711
List the prime factors of 16111.
16111
List the prime factors of 174346.
2, 179, 487
What are the prime factors of 59?
59
List the prime factors of 540.
2, 3, 5
List the prime factors of 9065.
5, 7, 37
List the prime factors of 8804.
2, 31, 71
What are the prime factors of 13?
13
List the prime factors of 1603.
7, 229
What are the prime factors of 14418?
2, 3, 89
What are the prime factors of 30319?
30319
List the prime factors of 1129.
1129
List the prime factors of 268.
2, 67
What are the prime factors of 14436?
2, 3, 401
List the prime factors of 56602.
2, 7, 13, 311
What are the prime factors of 964?
2, 241
What are the prime factors of 4035?
3, 5, 269
What are the prime factors of 7640?
2, 5, 191
List the prime factors of 76592.
2, 4787
List the prime factors of 110.
2, 5, 11
What are the prime factors of 2861?
2861
List the prime factors of 620.
2, 5, 31
List the prime factors of 2421.
3, 269
List the prime factors of 591.
3, 197
List the prime factors of 3181.
3181
What are the prime factors of 12533?
83, 151
What are the prime factors of 6912?
2, 3
List the prime factors of 11385.
3, 5, 11, 23
What are the prime factors of 67680?
2, 3, 5, 47
What are the prime factors of 33445?
5, 6689
What are the prime factors of 1171?
1171
List the prime factors of 1898.
2, 13, 73
List the prime factors of 3119.
3119
What are the prime factors of 28476?
2, 3, 7, 113
List the prime factors of 31008.
2, 3, 17, 19
List the prime factors of 67.
67
List the prime factors of 2008.
2, 251
List the prime factors of 343.
7
What are the prime factors of 991?
991
What are the prime factors of 12593?
7, 257
List the prime factors of 76024.
2, 13, 17, 43
What are the prime factors of 446?
2, 223
What are the prime factors of 1507?
11, 137
What are the prime factors of 29677?
59, 503
What are the prime factors of 2174?
2, 1087
What are the prime factors of 241?
241
List the prime factors of 1738.
2, 11, 79
List the prime factors of 23.
23
List the prime factors of 706.
2, 353
What are the prime factors of 3410?
2, 5, 11, 31
What are the prime factors of 1285?
5, 257
What are the prime factors of 7826?
2, 7, 13, 43
List the prime factors of 16740.
2, 3, 5, 31
What are the prime factors of 32483?
11, 2953
What are the prime factors of 28637?
7, 4091
What are the prime factors of 12469?
37, 337
What are the prime factors of 12936?
2, 3, 7, 11
List the prime factors of 629.
17, 37
What are the prime factors of 585?
3, 5, 13
What are the prime factors o